{"id":125,"date":"2024-07-27T03:24:58","date_gmt":"2024-07-27T03:24:58","guid":{"rendered":"https:\/\/www.dimaurofilmes.com\/mostra_humberto_mauro\/?page_id=125"},"modified":"2024-09-02T02:26:43","modified_gmt":"2024-09-02T02:26:43","slug":"longas-brasileiros","status":"publish","type":"page","link":"http:\/\/www.dimaurofilmes.com\/mostra_humberto_mauro\/longas-brasileiros\/","title":{"rendered":"Longas Brasileiros"},"content":{"rendered":"<h1 style=\"text-align: left;\"><span style=\"font-size: 36pt;\">4\u00aa Mostra Humberto Mauro &#8211; Longas Brasileiros<\/span><\/h1>\n<div class=\"header\">\n<p>&nbsp;<\/p>\n<\/div>\n<div class=\"container\" style=\"text-align: left;\">\n<div class=\"movie-list\">\n<div class=\"movie-item\">\n<p><img loading=\"lazy\" decoding=\"async\" src=\"http:\/\/www.dimaurofilmes.com\/mostra_humberto_mauro\/wp-content\/uploads\/2024\/07\/Mel-Lisboa-Atena.jpg\" alt=\"Poster do filme 1\" width=\"300\" height=\"450\" \/><\/p>\n<div class=\"movie-item-content\">\n<h2>Atena<\/h2>\n<p>Diretor: Caco Souza<\/p>\n<p>Sinopse: Atena (Mel Lisboa) foi abusada por seu pai durante a infa\u0302ncia. Como ele desapareceu, ela faz hoje justic\u0327a com as pro\u0301prias ma\u0303os em casos semelhantes que ocorrem em sua cidade. Com ajuda do jornalista Carlos (Thiago Fragoso), Atena encontra seu pai em Montevide\u0301u, em busca de vinganc\u0327a.<\/p>\n<p><a href=\"https:\/\/www.dimaurofilmes.com\/mostra_humberto_mauro\/atena\/\"><span style=\"font-size: 10pt;\"><strong>VER MAIS&#8230;<\/strong><\/span><\/a><\/p>\n<p>&nbsp;<\/p>\n<\/div>\n<\/div>\n<div class=\"movie-item\">\n<p><img loading=\"lazy\" decoding=\"async\" src=\"http:\/\/www.dimaurofilmes.com\/mostra_humberto_mauro\/wp-content\/uploads\/2024\/07\/ALEM-de_NOS.jpg\" alt=\"Poster do filme 2\" width=\"300\" height=\"450\" \/><\/p>\n<div class=\"movie-item-content\">\n<h2>Al\u00e9m de N\u00f3s<\/h2>\n<p>Diretor: Rog\u00e9rio Rodrigues<\/p>\n<p>Sinopse: Leo (Miguel Coelho), um jovem pea\u0303o de fazenda que nunca saiu de seu pequeno vilarejo no sul do Brasil, sofre duas grandes perdas no mesmo dia: demitido e testemunha a morte do pai, da qual se sente culpado. Ao encontrar uma foto e uma carta, Leo se depara com a necessidade de realizar o u\u0301ltimo desejo de seu pai e para atender ao pedido, viaja com seu tio Artur (Thiago Lacerda) para a cidade do Rio de Janeiro. No caminho desconhecido, Leo resgata a relac\u0327a\u0303o com o tio, de quem discorda totalmente sobre a forma de ser e de viver, tornando esta jornada uma grande aventura de descobertas e transformac\u0327o\u0303es.<\/p>\n<p><a href=\"https:\/\/www.dimaurofilmes.com\/mostra_humberto_mauro\/alem-de-nos\/\"><span style=\"font-size: 10pt;\"><strong>VER MAIS&#8230;<\/strong><\/span><\/a><\/p>\n<\/div>\n<p>&nbsp;<\/p>\n<\/div>\n<\/div>\n<div class=\"movie-item\">\n<p><img loading=\"lazy\" decoding=\"async\" src=\"http:\/\/www.dimaurofilmes.com\/mostra_humberto_mauro\/wp-content\/uploads\/2024\/07\/Helena-Ranaldi-Cordel-do-Amor-Sem-Fim.jpg\" alt=\"Poster do filme 2\" width=\"300\" height=\"450\" \/><\/p>\n<div class=\"movie-item-content\">\n<h2>Cordel do Amor Sem Fim<\/h2>\n<p>Diretor: Daniel Alvim<\/p>\n<p>Sinopse: Numa pacata cidade, vivem tr\u00eas irm\u00e3s \u2013 Madalena (Helena Ranaldi), Carminha (Patr\u00edcia Gaspar) e a jovem e sonhadora Teresa (M\u00e1rcia de Oliveira), por quem o namorado Jos\u00e9 nutre um sentimento arrebatador e possessivo. No dia em que Jos\u00e9 (Luciano Gatti) vai pedi-la em casamento, um encontro no porto da cidade sela o destino de Teresa: ela se apaixona por Ant\u00f4nio (Marcelo Marothy), um viajante que est\u00e1 de passagem pela cidade. A partir deste ponto, a trama se desenrola em fun\u00e7\u00e3o da espera de Teresa pelo retorno de Ant\u00f4nio. A espera contagia a todos e as personagens passam a viver na expectativa de que algo mude em suas vidas.<\/p>\n<p><a href=\"https:\/\/www.dimaurofilmes.com\/mostra_humberto_mauro\/cordel-do-amor-sem-fim\/\"><span style=\"font-size: 10pt;\"><strong>VER MAIS&#8230;<\/strong><\/span><\/a><\/p>\n<p>&nbsp;<\/p>\n<\/div>\n<\/div>\n<\/div>\n<div class=\"movie-item\" style=\"text-align: left;\">\n<p><img loading=\"lazy\" decoding=\"async\" src=\"http:\/\/www.dimaurofilmes.com\/mostra_humberto_mauro\/wp-content\/uploads\/2024\/07\/kunha.jpg\" alt=\"Poster do filme 2\" width=\"300\" height=\"450\" \/><\/p>\n<div class=\"movie-item-content\">\n<h2>Kunha\u0303 Karai\u0301 e as Narrativas da Terra<\/h2>\n<p>Diretora: Paola Mallmann<\/p>\n<p>Sinopse: O filme e\u0301 uma aproximac\u0327a\u0303o com a histo\u0301ria de vida de mulheres indi\u0301genas brasileiras, em que processos de luta e cura permeiam suas trajeto\u0301rias em tornar-se lideranc\u0327as.Entre sonhos, elementos da cosmovisa\u0303o ameri\u0301ndia memo\u0301rias e engajamento coletivo, reconhecemos a autenticidade de suas relac\u0327o\u0303es com o territo\u0301rio e a memo\u0301ria brasileira. O protagonismo feminino indi\u0301gena, na atuac\u0327a\u0303o coletiva em defesa dos direitos origina\u0301rios, perpassa o debate sobre mudanc\u0327as clima\u0301ticas, sa\u0303o elementos que apontam caminhos na busca de reconexa\u0303o com a identidade ancestral e iluminam outras perspectivas e valores, fundamentais para a renovac\u0327a\u0303o dos modos de ser humano e sua relac\u0327a\u0303o com a natureza.<\/p>\n<p><a href=\"https:\/\/www.dimaurofilmes.com\/mostra_humberto_mauro\/kunha-karai\/\"><span style=\"font-size: 10pt;\"><strong>VER MAIS&#8230;<\/strong><\/span><\/a><\/p>\n<p>&nbsp;<\/p>\n<\/div>\n<\/div>\n<div class=\"movie-item\" style=\"text-align: left;\">\n<p><img loading=\"lazy\" decoding=\"async\" src=\"http:\/\/www.dimaurofilmes.com\/mostra_humberto_mauro\/wp-content\/uploads\/2024\/07\/lusof.jpg\" alt=\"Poster do filme 2\" width=\"300\" height=\"450\" \/><\/p>\n<div class=\"movie-item-content\">\n<h2>Lus\u00f3fonas<\/h2>\n<p>Diretora: Carolina Paiva<\/p>\n<p>Sinopse: Rodado no Brasil, Angola, Moc\u0327ambique e em Portugal o documenta\u0301rio investiga como que a lusofonia consegue igualar e trazer as mulheres de tre\u0302s continentes, bem distintos, a uma so\u0301 realidade. O filme aborda as mulheres da Lusofonia, desde deputadas, empresa\u0301rias, jornalistas a mulheres comuns, e uma das personagens Moc\u0327ambicanas e\u0301 criadora do Banco Econo\u0302mico para Mulher. Suas dores, suas lutas, seus anseios, sa\u0303o iguais no mundo todo! Sera\u0301 que as mulheres \u201cLUSO\u0301FONAS\u201d sa\u0303o diferentes?<\/p>\n<p><a href=\"https:\/\/www.dimaurofilmes.com\/mostra_humberto_mauro\/lusofonas\/\"><span style=\"font-size: 10pt;\"><strong>VER MAIS&#8230;<\/strong><\/span><\/a><\/p>\n<p>&nbsp;<\/p>\n<\/div>\n<\/div>\n<div class=\"movie-item\" style=\"text-align: left;\">\n<p><img loading=\"lazy\" decoding=\"async\" src=\"http:\/\/www.dimaurofilmes.com\/mostra_humberto_mauro\/wp-content\/uploads\/2024\/07\/a-flor-da-gigoia.jpg\" alt=\"Poster do filme 2\" width=\"300\" height=\"450\" \/><\/p>\n<div class=\"movie-item-content\">\n<h2>A Flor da Gig\u00f3ia<\/h2>\n<p>Diretor: Ivo Schergl Jr.<\/p>\n<p>Sinopse: Entre o amor e uma nova Paixa\u0303o mulher opta apo\u0301s a descoberta de grave doenc\u0327a da filha por manter sua rotina e fami\u0301lia, escolha essa que desencadeia uma se\u0301rie gatilhos emocionais e de distu\u0301rbios psicolo\u0301gicos que ela precisa tratar e resolver para ser feliz.<\/p>\n<p><a href=\"https:\/\/www.dimaurofilmes.com\/mostra_humberto_mauro\/a-flor-da-gigoia\/\"><span style=\"font-size: 10pt;\"><strong>VER MAIS&#8230;<\/strong><\/span><\/a><\/p>\n<p>&nbsp;<\/p>\n<\/div>\n<\/div>\n<div class=\"movie-item\" style=\"text-align: left;\">\n<p><img loading=\"lazy\" decoding=\"async\" src=\"http:\/\/www.dimaurofilmes.com\/mostra_humberto_mauro\/wp-content\/uploads\/2024\/07\/Quando-a-coisa-vira-outra-Vladimir-Carvalho.jpg\" alt=\"Poster do filme 2\" width=\"300\" height=\"450\" \/><\/p>\n<div class=\"movie-item-content\">\n<h2>Quando a Coisa Vira Outra<\/h2>\n<p>Diretor: Marcio de Andrade<\/p>\n<p>Sinopse: O Cinema da desigualdade de Vladimir Carvalho marcou a trajeto\u0301ria do documentarista ao longo de de\u0301cadas de atividade. Com origem na seca regia\u0303o do Nordeste e radicado em Brasi\u0301lia, Vladimir transitou com desenvoltura entre as memo\u0301rias nordestinas e a poli\u0301tica da capital em va\u0301rios filmes. \u201cQuando a coisa vira outra\u201d e\u0301 um encontro entre imagens com Vladimir e seu irma\u0303o, Walter Carvalho, cineasta e diretor de fotografia. Desde o ini\u0301cio, Walter foi levado pelo irma\u0303o a participar do universo do cinema. Walter Carvalho fotografou diversos filmes importantes do cinema nacional, construindo tambe\u0301m sua linguagem pro\u0301pria na direc\u0327a\u0303o. O documenta\u0301rio percorre os mais importantes filmes realizados por Vladimir, numa conversa entre irma\u0303os que revelam seus processos criativos e de onde surgem as ideias para mostrar a verdadeira realidade de um pai\u0301s.<\/p>\n<p><a href=\"https:\/\/www.dimaurofilmes.com\/mostra_humberto_mauro\/quando-a-coisa-vira-outra\/\"><span style=\"font-size: 10pt;\"><strong>VER MAIS&#8230;<\/strong><\/span><\/a><\/p>\n<p>&nbsp;<\/p>\n<\/div>\n<\/div>\n<div class=\"movie-item\" style=\"text-align: left;\">\n<p><img loading=\"lazy\" decoding=\"async\" src=\"http:\/\/www.dimaurofilmes.com\/mostra_humberto_mauro\/wp-content\/uploads\/2024\/07\/FAIXA-PRETAFERNANDO-TERERE2.jpg\" alt=\"Poster do filme 2\" width=\"300\" height=\"450\" \/><\/p>\n<div class=\"movie-item-content\">\n<h2>O Faixa Preta &#8211; A Verdadeira Histo\u0301ria de Fernando Terere\u0302<\/h2>\n<p>Diretor: Caco Souza<\/p>\n<p>Sinopse: O Pentacampea\u0303o mundial de Jiu-Jitsu, Fernando Terere\u0302 (Raphael Logam), venceu quase todas as batalhas que travou nos Tatames. Mas foi longe deles que sofreu o seu maior reve\u0301s. Baseado em fatos reais, o filme narra a fanta\u0301stica histo\u0301ria de superac\u0327a\u0303o de Fernando Terere\u0302.<\/p>\n<p><a href=\"https:\/\/www.dimaurofilmes.com\/mostra_humberto_mauro\/o-faixa-preta\/\"><span style=\"font-size: 10pt;\"><strong>VER MAIS&#8230;<\/strong><\/span><\/a><\/p>\n<p>&nbsp;<\/p>\n<\/div>\n<\/div>\n<div class=\"movie-item\" style=\"text-align: left;\">\n<p><img loading=\"lazy\" decoding=\"async\" src=\"http:\/\/www.dimaurofilmes.com\/mostra_humberto_mauro\/wp-content\/uploads\/2024\/07\/Cordel-do-Folclore-Yara-.jpg\" alt=\"Poster do filme 2\" width=\"300\" height=\"450\" \/><\/p>\n<div class=\"movie-item-content\">\n<h2>O Cordel do Folclore<\/h2>\n<p>Diretor: Adriano Ramires<\/p>\n<p>Sinopse: O Cordel do Folclore&#8221; e\u0301 um Filme escrito por Jonathan Marques que combina elementos do cordel nordestino com lendas do folclore brasileiro. O filme explora de maneira criativa e poe\u0301tica diversas histo\u0301rias e figuras do imagina\u0301rio popular do Brasil, utilizando a linguagem caracteri\u0301stica dos corde\u0301is, que sa\u0303o poemas narrativos tradicionais. Ze\u0301 do Cordel, um contador de histo\u0301rias do serta\u0303o nordestino, descobre um antigo livro encantado por Tupa\u0303, o deus dos povos indi\u0301genas. Ao abri-lo, ele inadvertidamente cria um portal para um mundo onde os personagens ico\u0302nicos do folclore brasileiro ganham vida.<\/p>\n<p><a href=\"https:\/\/www.dimaurofilmes.com\/mostra_humberto_mauro\/o-cordel-do-folclore\/\"><span style=\"font-size: 10pt;\"><strong>VER MAIS&#8230;<\/strong><\/span><\/a><\/p>\n<p style=\"text-align: center;\"><span style=\"font-size: 8pt;\"><strong>4\u00aa MOSTRA HUMBERTO MAURO<\/strong><\/span><\/p>\n<\/div>\n<\/div>\n<p style=\"text-align: center;\"><img loading=\"lazy\" decoding=\"async\" class=\"alignnone size-large wp-image-548\" src=\"http:\/\/www.dimaurofilmes.com\/mostra_humberto_mauro\/wp-content\/uploads\/2024\/09\/TODAS_AS_MARCAS-1024x263.png\" alt=\"\" width=\"1024\" height=\"263\" srcset=\"http:\/\/www.dimaurofilmes.com\/mostra_humberto_mauro\/wp-content\/uploads\/2024\/09\/TODAS_AS_MARCAS-1024x263.png 1024w, http:\/\/www.dimaurofilmes.com\/mostra_humberto_mauro\/wp-content\/uploads\/2024\/09\/TODAS_AS_MARCAS-300x77.png 300w, http:\/\/www.dimaurofilmes.com\/mostra_humberto_mauro\/wp-content\/uploads\/2024\/09\/TODAS_AS_MARCAS-768x197.png 768w, http:\/\/www.dimaurofilmes.com\/mostra_humberto_mauro\/wp-content\/uploads\/2024\/09\/TODAS_AS_MARCAS-1536x395.png 1536w, http:\/\/www.dimaurofilmes.com\/mostra_humberto_mauro\/wp-content\/uploads\/2024\/09\/TODAS_AS_MARCAS-2048x526.png 2048w\" sizes=\"(max-width: 1024px) 100vw, 1024px\" \/><\/p>\n","protected":false},"excerpt":{"rendered":"<p>4\u00aa Mostra Humberto Mauro &#8211; Longas Brasileiros &nbsp; Atena Diretor: Caco Souza Sinopse: Atena (Mel Lisboa) foi abusada por seu pai durante a infa\u0302ncia. Como ele desapareceu, ela faz hoje justic\u0327a com as pro\u0301prias ma\u0303os em casos semelhantes que ocorrem em sua cidade. Com ajuda do jornalista Carlos (Thiago Fragoso), Atena encontra seu pai em [&hellip;]<\/p>\n","protected":false},"author":1,"featured_media":0,"parent":0,"menu_order":0,"comment_status":"closed","ping_status":"closed","template":"","meta":{"ngg_post_thumbnail":0,"footnotes":""},"_links":{"self":[{"href":"http:\/\/www.dimaurofilmes.com\/mostra_humberto_mauro\/wp-json\/wp\/v2\/pages\/125"}],"collection":[{"href":"http:\/\/www.dimaurofilmes.com\/mostra_humberto_mauro\/wp-json\/wp\/v2\/pages"}],"about":[{"href":"http:\/\/www.dimaurofilmes.com\/mostra_humberto_mauro\/wp-json\/wp\/v2\/types\/page"}],"author":[{"embeddable":true,"href":"http:\/\/www.dimaurofilmes.com\/mostra_humberto_mauro\/wp-json\/wp\/v2\/users\/1"}],"replies":[{"embeddable":true,"href":"http:\/\/www.dimaurofilmes.com\/mostra_humberto_mauro\/wp-json\/wp\/v2\/comments?post=125"}],"version-history":[{"count":65,"href":"http:\/\/www.dimaurofilmes.com\/mostra_humberto_mauro\/wp-json\/wp\/v2\/pages\/125\/revisions"}],"predecessor-version":[{"id":552,"href":"http:\/\/www.dimaurofilmes.com\/mostra_humberto_mauro\/wp-json\/wp\/v2\/pages\/125\/revisions\/552"}],"wp:attachment":[{"href":"http:\/\/www.dimaurofilmes.com\/mostra_humberto_mauro\/wp-json\/wp\/v2\/media?parent=125"}],"curies":[{"name":"wp","href":"https:\/\/api.w.org\/{rel}","templated":true}]}}