{"id":539,"date":"2024-09-02T02:06:28","date_gmt":"2024-09-02T02:06:28","guid":{"rendered":"https:\/\/www.dimaurofilmes.com\/mostra_humberto_mauro\/?page_id=539"},"modified":"2024-09-03T01:54:37","modified_gmt":"2024-09-03T01:54:37","slug":"vencedores-trofeu-cinelux-2024","status":"publish","type":"page","link":"http:\/\/www.dimaurofilmes.com\/mostra_humberto_mauro\/vencedores-trofeu-cinelux-2024\/","title":{"rendered":"Vencedores Trofeu Cinelux 2024"},"content":{"rendered":"<p style=\"text-align: center;\"><img loading=\"lazy\" decoding=\"async\" class=\"alignnone size-large wp-image-542\" src=\"http:\/\/www.dimaurofilmes.com\/mostra_humberto_mauro\/wp-content\/uploads\/2024\/09\/1-premiados-1024x517.jpeg\" alt=\"\" width=\"1024\" height=\"517\" srcset=\"http:\/\/www.dimaurofilmes.com\/mostra_humberto_mauro\/wp-content\/uploads\/2024\/09\/1-premiados-1024x517.jpeg 1024w, http:\/\/www.dimaurofilmes.com\/mostra_humberto_mauro\/wp-content\/uploads\/2024\/09\/1-premiados-300x152.jpeg 300w, http:\/\/www.dimaurofilmes.com\/mostra_humberto_mauro\/wp-content\/uploads\/2024\/09\/1-premiados-768x388.jpeg 768w, http:\/\/www.dimaurofilmes.com\/mostra_humberto_mauro\/wp-content\/uploads\/2024\/09\/1-premiados-1536x776.jpeg 1536w, http:\/\/www.dimaurofilmes.com\/mostra_humberto_mauro\/wp-content\/uploads\/2024\/09\/1-premiados.jpeg 1600w\" sizes=\"(max-width: 1024px) 100vw, 1024px\" \/><\/p>\n<p><span style=\"font-size: 14pt;\"><strong>Vencedores da 4\u00aa Mostra Humberto Mauro<\/strong><\/span><\/p>\n<p><span style=\"font-size: 14pt;\"><strong>Trof\u00e9u Cinelux \u2013 2024<\/strong><\/span><\/p>\n<p>&nbsp;<\/p>\n<p><strong>Melhor Longa-Metragem Fic\u00e7\u00e3o:<\/strong><\/p>\n<p>&#8211; <strong>&#8220;Al\u00e9m de N\u00f3s&#8221; de Rog\u00e9rio Rodrigues<\/strong><\/p>\n<p>&nbsp;<\/p>\n<p><strong>Melhor Longa-Metragem Document\u00e1rio:<\/strong><\/p>\n<p><strong>&#8211; &#8220;Kunh\u00e3 Kara\u00ed e as Narrativas da Terra&#8221; de Paola Mallmann<\/strong><\/p>\n<p>&nbsp;<\/p>\n<p><strong>Melhor Curta-Metragem:<\/strong><\/p>\n<p><strong>&#8211; &#8220;Era Uma Noite de S\u00e3o Jo\u00e3o\u201d de Bruna Velden<\/strong><\/p>\n<p>&nbsp;<\/p>\n<p><strong>Melhor Filme Teres\u00f3polis:<\/strong><\/p>\n<p><strong>&#8211; &#8220;A Dif\u00edcil Arte de se Despedir&#8221; de Rafael Reis<\/strong><\/p>\n<p>&nbsp;<\/p>\n<p><strong>Melhor Diretor Longa-Metragem Fic\u00e7\u00e3o:<\/strong><\/p>\n<p><strong>&#8211; Rog\u00e9rio Rodrigues por &#8220;Al\u00e9m de N\u00f3s&#8221;<\/strong><\/p>\n<p>&nbsp;<\/p>\n<p><strong>Melhor Diretor Longa-Metragem Document\u00e1rio:<\/strong><\/p>\n<p><strong>&#8211; Carolina Paiva por &#8220;Lus\u00f3fonas&#8221;<\/strong><\/p>\n<p>&nbsp;<\/p>\n<p><strong>Melhor Diretor Curta-Metragem:<\/strong><\/p>\n<p><strong>&#8211; Bruna Velden por &#8220;Era uma Noite de S\u00e3o Jo\u00e3o&#8221;<\/strong><\/p>\n<p>&nbsp;<\/p>\n<p><strong>Pr\u00eamio Especial do J\u00fari: Produtividade e Excel\u00eancia em Dupla Dire\u00e7\u00e3o:<\/strong><\/p>\n<p><strong>&#8211; Caco Souza por &#8220;O Faixa Preta \u2013 A Verdadeira Hist\u00f3ria de Fernando Terer\u00ea&#8221; e \u201cAtena\u201d<\/strong><\/p>\n<p>&nbsp;<\/p>\n<p><strong>Melhor Diretor Filme de Teres\u00f3polis:<\/strong><\/p>\n<p><strong>&#8211; Sanderson Costa e Wellington Teixeira por &#8220;Sombras da Cidade&#8221;<\/strong><\/p>\n<p>&nbsp;<\/p>\n<p><strong>Pr\u00eamio Brasilidade Longa-Metragem Fic\u00e7\u00e3o:<\/strong><\/p>\n<p><strong>&#8211; &#8220;Cordel do Amor Sem Fim&#8221; de Daniel Alvim<\/strong><\/p>\n<p>&nbsp;<\/p>\n<p><strong>Pr\u00eamio Brasilidade Longa-Metragem Document\u00e1rio:<\/strong><\/p>\n<p><strong>&#8211; &#8220;Quando a Coisa Vira Outra&#8221; de M\u00e1rcio de Andrade<\/strong><\/p>\n<p>&nbsp;<\/p>\n<p><strong>Pr\u00eamio Brasilidade Curta-Metragem:<\/strong><\/p>\n<p><strong>&#8211; &#8220;Era uma Noite de S\u00e3o Jo\u00e3o&#8221; de Bruna Velden<\/strong><\/p>\n<p>&nbsp;<\/p>\n<p><strong>Pr\u00eamio Brasilidade Filme de Teres\u00f3polis:<\/strong><\/p>\n<p><strong>&#8211; &#8220;Cordel do Folclore&#8221; de Adriano Ramires e Jonatham Marques<\/strong><\/p>\n<p>&nbsp;<\/p>\n<p><strong>Melhor Atriz: Longa-Metragem:<\/strong><\/p>\n<p><strong>&#8211; Helena Ranaldi por &#8220;O Cordel do Amor Sem Fim&#8221;<\/strong><\/p>\n<p>&nbsp;<\/p>\n<p><strong>Melhor Ator Longa-Metragem:<\/strong><\/p>\n<p><strong>-Thiago Lacerda por &#8220;Al\u00e9m de N\u00f3s&#8221;<\/strong><\/p>\n<p>&nbsp;<\/p>\n<p><strong>Melhor Atriz: Curta-Metragem:<\/strong><\/p>\n<p><strong>-Bruna Fergu\u00eas por &#8220;A Dif\u00edcil Arte de Se Despedir&#8221;<\/strong><\/p>\n<p>&nbsp;<\/p>\n<p><strong>Melhor Ator Curta-Metragem:<\/strong><\/p>\n<p><strong>-Jackson Antunes por &#8220;De Frente Pro Escuro&#8221;<\/strong><\/p>\n<p>&nbsp;<\/p>\n<p><strong>Melhor Atriz Coadjuvante Longa-Metragem:<\/strong><\/p>\n<p><strong>&#8211; Cibele Larrama por &#8220;Flor da Gigoia&#8221;<\/strong><\/p>\n<p>&nbsp;<\/p>\n<p><strong>Melhor Ator Coadjuvante Longa-Metragem:<\/strong><\/p>\n<p><strong>&#8211; Raymundo de Souza por &#8220;Flor da Gigoia&#8221;<\/strong><\/p>\n<p>&nbsp;<\/p>\n<p><strong>Melhor Atriz Coadjuvante Curta-Metragem:<\/strong><\/p>\n<p><strong>&#8211; Silvana Prado por &#8220;A Dif\u00edcil Arte de se Despedir&#8221;<\/strong><\/p>\n<p>&nbsp;<\/p>\n<p><strong>Melhor Ator Coadjuvante Curta-Metragem:<\/strong><\/p>\n<p><strong>&#8211; Buda Lira por &#8220;Aracati&#8221;<\/strong><\/p>\n<p>&nbsp;<\/p>\n<p><strong>Melhor Roteiro Adaptado Longa-Metragem Fic\u00e7\u00e3o:<\/strong><\/p>\n<p><strong>&#8211; Daniel Alvim e Helena Ranaldi por &#8220;O Cordel do Amor Sem Fim&#8221;<\/strong><\/p>\n<p>&nbsp;<\/p>\n<p><strong>Melhor Roteiro Longa-Metragem Document\u00e1rio:<\/strong><\/p>\n<p><strong>&#8211; Paola Mallmann por &#8220;Kunh\u00e3\u00a0Kara\u00ed e as Narrativas da Terra&#8221;<\/strong><\/p>\n<p>&nbsp;<\/p>\n<p><strong>Melhor Roteiro Curta-Metragem:<\/strong><\/p>\n<p><strong>&#8211; Bruna Velden por &#8220;Era uma Noite de S\u00e3o Jo\u00e3o&#8221;<\/strong><\/p>\n<p>&nbsp;<\/p>\n<p><strong>Melhor Roteiro Filme de Teres\u00f3polis:<\/strong><\/p>\n<p><strong>&#8211; Sanderson Costa por &#8220;Sombras da Cidade&#8221;<\/strong><\/p>\n<p>&nbsp;<\/p>\n<p><strong>Melhor Fotografia Longa-Metragem Fic\u00e7\u00e3o:<\/strong><\/p>\n<p><strong>&#8211; Renato Falc\u00e3o por &#8220;Al\u00e9m de N\u00f3s&#8221;<\/strong><\/p>\n<p>&nbsp;<\/p>\n<p><strong>Melhor Fotografia Longa-Metragem Document\u00e1rio:<\/strong><\/p>\n<p><strong>&#8211; M\u00e1rcio de Andrade por &#8220;Quando a Coisa Vira Outra&#8221;<\/strong><\/p>\n<p>&nbsp;<\/p>\n<p><strong>Melhor Fotografia Curta-Metragem:<\/strong><\/p>\n<p><strong>&#8211; Helen Quintans por &#8220;A Lenda dos Cavaleiros da \u00c1gua&#8221;<\/strong><\/p>\n<p>&nbsp;<\/p>\n<p><strong>Melhor Fotografia Filme de Teres\u00f3polis:<\/strong><\/p>\n<p><strong>&#8211; Dyonathan Oliveira e T\u00falio Bambino por &#8220;Sombras da Cidade&#8221;<\/strong><\/p>\n<p>&nbsp;<\/p>\n<p><strong>Melhor Montagem Longa-Metragem Fic\u00e7\u00e3o:<\/strong><\/p>\n<p><strong>&#8211; Leonardo Domingues e Rodrigo Daniel Melo por &#8220;O Faixa Preta \u2013 A Verdadeira Hist\u00f3ria de Fernando Terer\u00ea&#8221;<\/strong><\/p>\n<p>&nbsp;<\/p>\n<p><strong>Melhor Montagem Longa-Metragem Document\u00e1rio:<\/strong><\/p>\n<p><strong>&#8211; Federico Bardini por &#8220;Lus\u00f3fonas&#8221; de Carolina Paiva<\/strong><\/p>\n<p>&nbsp;<\/p>\n<p><strong>Melhor Montagem Curta-Metragem:<\/strong><\/p>\n<p><strong>&#8211; Renata Lima e Federico Bardini por &#8220;Vonnie \u2013 O \u00cdcone Esquecido da Moda Irlandesa&#8221;<\/strong><\/p>\n<p>&nbsp;<\/p>\n<p><strong>Melhor Montagem Filme de Teres\u00f3polis:<\/strong><\/p>\n<p><strong>&#8211; Leo Bittencourt por &#8220;Saideira \u2013 \u00daltima Noite de Rubinho no Higino&#8221;<\/strong><\/p>\n<p>&nbsp;<\/p>\n<p><strong>Melhor Dire\u00e7\u00e3o de Arte Longa-Metragem:<\/strong><\/p>\n<p><strong>&#8211; Rose Fran\u00e7a por &#8220;Al\u00e9m de N\u00f3s&#8221;<\/strong><\/p>\n<p>&nbsp;<\/p>\n<p><strong>Melhor Dire\u00e7\u00e3o de Arte Curta-Metragem:<\/strong><\/p>\n<p><strong>&#8211; Helen Quintans por &#8220;A Lenda dos Cavaleiros da \u00c1gua&#8221;<\/strong><\/p>\n<p>&nbsp;<\/p>\n<p><strong>Pr\u00eamio Especial do J\u00fari Melhor Trilha Musical Longa-Metragem:<\/strong><\/p>\n<p><strong>&#8211; Paola Mallmann com colabora\u00e7\u00e3o de Guilherme C\u00e1ssio por &#8220;Kunh\u00e3 Kara\u00ed e as Narrativas da Terra&#8221;<\/strong><\/p>\n<p>&nbsp;<\/p>\n<p><strong>Melhor Trilha Sonora Longa-Metragem:<\/strong><\/p>\n<p><strong>&#8211; Leo Henkin por &#8220;Al\u00e9m de N\u00f3s&#8221;<\/strong><\/p>\n<p>&nbsp;<\/p>\n<p><strong>Melhor Trilha Sonora Curta-Metragem:<\/strong><\/p>\n<p><strong>&#8211; CH Malves por &#8220;Era uma Noite de S\u00e3o Jo\u00e3o&#8221;<\/strong><\/p>\n<p>&nbsp;<\/p>\n<p style=\"text-align: center;\"><span style=\"font-size: 8pt;\"><strong>4\u00aa MOSTRA HUMBERTO MAURO<\/strong><\/span><\/p>\n<p style=\"text-align: center;\"><img loading=\"lazy\" decoding=\"async\" class=\"alignnone size-large wp-image-548\" src=\"http:\/\/www.dimaurofilmes.com\/mostra_humberto_mauro\/wp-content\/uploads\/2024\/09\/TODAS_AS_MARCAS-1024x263.png\" alt=\"\" width=\"1024\" height=\"263\" srcset=\"http:\/\/www.dimaurofilmes.com\/mostra_humberto_mauro\/wp-content\/uploads\/2024\/09\/TODAS_AS_MARCAS-1024x263.png 1024w, http:\/\/www.dimaurofilmes.com\/mostra_humberto_mauro\/wp-content\/uploads\/2024\/09\/TODAS_AS_MARCAS-300x77.png 300w, http:\/\/www.dimaurofilmes.com\/mostra_humberto_mauro\/wp-content\/uploads\/2024\/09\/TODAS_AS_MARCAS-768x197.png 768w, http:\/\/www.dimaurofilmes.com\/mostra_humberto_mauro\/wp-content\/uploads\/2024\/09\/TODAS_AS_MARCAS-1536x395.png 1536w, http:\/\/www.dimaurofilmes.com\/mostra_humberto_mauro\/wp-content\/uploads\/2024\/09\/TODAS_AS_MARCAS-2048x526.png 2048w\" sizes=\"(max-width: 1024px) 100vw, 1024px\" \/><\/p>\n","protected":false},"excerpt":{"rendered":"<p>Vencedores da 4\u00aa Mostra Humberto Mauro Trof\u00e9u Cinelux \u2013 2024 &nbsp; Melhor Longa-Metragem Fic\u00e7\u00e3o: &#8211; &#8220;Al\u00e9m de N\u00f3s&#8221; de Rog\u00e9rio Rodrigues &nbsp; Melhor Longa-Metragem Document\u00e1rio: &#8211; &#8220;Kunh\u00e3 Kara\u00ed e as Narrativas da Terra&#8221; de Paola Mallmann &nbsp; Melhor Curta-Metragem: &#8211; &#8220;Era Uma Noite de S\u00e3o Jo\u00e3o\u201d de Bruna Velden &nbsp; Melhor Filme Teres\u00f3polis: &#8211; &#8220;A [&hellip;]<\/p>\n","protected":false},"author":1,"featured_media":0,"parent":0,"menu_order":0,"comment_status":"closed","ping_status":"closed","template":"","meta":{"ngg_post_thumbnail":0,"footnotes":""},"_links":{"self":[{"href":"http:\/\/www.dimaurofilmes.com\/mostra_humberto_mauro\/wp-json\/wp\/v2\/pages\/539"}],"collection":[{"href":"http:\/\/www.dimaurofilmes.com\/mostra_humberto_mauro\/wp-json\/wp\/v2\/pages"}],"about":[{"href":"http:\/\/www.dimaurofilmes.com\/mostra_humberto_mauro\/wp-json\/wp\/v2\/types\/page"}],"author":[{"embeddable":true,"href":"http:\/\/www.dimaurofilmes.com\/mostra_humberto_mauro\/wp-json\/wp\/v2\/users\/1"}],"replies":[{"embeddable":true,"href":"http:\/\/www.dimaurofilmes.com\/mostra_humberto_mauro\/wp-json\/wp\/v2\/comments?post=539"}],"version-history":[{"count":8,"href":"http:\/\/www.dimaurofilmes.com\/mostra_humberto_mauro\/wp-json\/wp\/v2\/pages\/539\/revisions"}],"predecessor-version":[{"id":576,"href":"http:\/\/www.dimaurofilmes.com\/mostra_humberto_mauro\/wp-json\/wp\/v2\/pages\/539\/revisions\/576"}],"wp:attachment":[{"href":"http:\/\/www.dimaurofilmes.com\/mostra_humberto_mauro\/wp-json\/wp\/v2\/media?parent=539"}],"curies":[{"name":"wp","href":"https:\/\/api.w.org\/{rel}","templated":true}]}}

<p style="text-align: center;"><img loading="lazy" decoding="async" class="alignnone size-large wp-image-542" src="http://www.dimaurofilmes.com/mostra_humberto_mauro/wp-content/uploads/2024/09/1-premiados-1024x517.jpeg" alt="" width="1024" height="517" srcset="http://www.dimaurofilmes.com/mostra_humberto_mauro/wp-content/uploads/2024/09/1-premiados-1024x517.jpeg 1024w, http://www.dimaurofilmes.com/mostra_humberto_mauro/wp-content/uploads/2024/09/1-premiados-300x152.jpeg 300w, http://www.dimaurofilmes.com/mostra_humberto_mauro/wp-content/uploads/2024/09/1-premiados-768x388.jpeg 768w, http://www.dimaurofilmes.com/mostra_humberto_mauro/wp-content/uploads/2024/09/1-premiados-1536x776.jpeg 1536w, http://www.dimaurofilmes.com/mostra_humberto_mauro/wp-content/uploads/2024/09/1-premiados.jpeg 1600w" sizes="(max-width: 1024px) 100vw, 1024px" /></p>
<p><span style="font-size: 14pt;"><strong>Vencedores da 4ª Mostra Humberto Mauro</strong></span></p>
<p><span style="font-size: 14pt;"><strong>Troféu Cinelux – 2024</strong></span></p>
<p>&nbsp;</p>
<p><strong>Melhor Longa-Metragem Ficção:</strong></p>
<p>&#8211; <strong>&#8220;Além de Nós&#8221; de Rogério Rodrigues</strong></p>
<p>&nbsp;</p>
<p><strong>Melhor Longa-Metragem Documentário:</strong></p>
<p><strong>&#8211; &#8220;Kunhã Karaí e as Narrativas da Terra&#8221; de Paola Mallmann</strong></p>
<p>&nbsp;</p>
<p><strong>Melhor Curta-Metragem:</strong></p>
<p><strong>&#8211; &#8220;Era Uma Noite de São João” de Bruna Velden</strong></p>
<p>&nbsp;</p>
<p><strong>Melhor Filme Teresópolis:</strong></p>
<p><strong>&#8211; &#8220;A Difícil Arte de se Despedir&#8221; de Rafael Reis</strong></p>
<p>&nbsp;</p>
<p><strong>Melhor Diretor Longa-Metragem Ficção:</strong></p>
<p><strong>&#8211; Rogério Rodrigues por &#8220;Além de Nós&#8221;</strong></p>
<p>&nbsp;</p>
<p><strong>Melhor Diretor Longa-Metragem Documentário:</strong></p>
<p><strong>&#8211; Carolina Paiva por &#8220;Lusófonas&#8221;</strong></p>
<p>&nbsp;</p>
<p><strong>Melhor Diretor Curta-Metragem:</strong></p>
<p><strong>&#8211; Bruna Velden por &#8220;Era uma Noite de São João&#8221;</strong></p>
<p>&nbsp;</p>
<p><strong>Prêmio Especial do Júri: Produtividade e Excelência em Dupla Direção:</strong></p>
<p><strong>&#8211; Caco Souza por &#8220;O Faixa Preta – A Verdadeira História de Fernando Tererê&#8221; e “Atena”</strong></p>
<p>&nbsp;</p>
<p><strong>Melhor Diretor Filme de Teresópolis:</strong></p>
<p><strong>&#8211; Sanderson Costa e Wellington Teixeira por &#8220;Sombras da Cidade&#8221;</strong></p>
<p>&nbsp;</p>
<p><strong>Prêmio Brasilidade Longa-Metragem Ficção:</strong></p>
<p><strong>&#8211; &#8220;Cordel do Amor Sem Fim&#8221; de Daniel Alvim</strong></p>
<p>&nbsp;</p>
<p><strong>Prêmio Brasilidade Longa-Metragem Documentário:</strong></p>
<p><strong>&#8211; &#8220;Quando a Coisa Vira Outra&#8221; de Márcio de Andrade</strong></p>
<p>&nbsp;</p>
<p><strong>Prêmio Brasilidade Curta-Metragem:</strong></p>
<p><strong>&#8211; &#8220;Era uma Noite de São João&#8221; de Bruna Velden</strong></p>
<p>&nbsp;</p>
<p><strong>Prêmio Brasilidade Filme de Teresópolis:</strong></p>
<p><strong>&#8211; &#8220;Cordel do Folclore&#8221; de Adriano Ramires e Jonatham Marques</strong></p>
<p>&nbsp;</p>
<p><strong>Melhor Atriz: Longa-Metragem:</strong></p>
<p><strong>&#8211; Helena Ranaldi por &#8220;O Cordel do Amor Sem Fim&#8221;</strong></p>
<p>&nbsp;</p>
<p><strong>Melhor Ator Longa-Metragem:</strong></p>
<p><strong>-Thiago Lacerda por &#8220;Além de Nós&#8221;</strong></p>
<p>&nbsp;</p>
<p><strong>Melhor Atriz: Curta-Metragem:</strong></p>
<p><strong>-Bruna Ferguês por &#8220;A Difícil Arte de Se Despedir&#8221;</strong></p>
<p>&nbsp;</p>
<p><strong>Melhor Ator Curta-Metragem:</strong></p>
<p><strong>-Jackson Antunes por &#8220;De Frente Pro Escuro&#8221;</strong></p>
<p>&nbsp;</p>
<p><strong>Melhor Atriz Coadjuvante Longa-Metragem:</strong></p>
<p><strong>&#8211; Cibele Larrama por &#8220;Flor da Gigoia&#8221;</strong></p>
<p>&nbsp;</p>
<p><strong>Melhor Ator Coadjuvante Longa-Metragem:</strong></p>
<p><strong>&#8211; Raymundo de Souza por &#8220;Flor da Gigoia&#8221;</strong></p>
<p>&nbsp;</p>
<p><strong>Melhor Atriz Coadjuvante Curta-Metragem:</strong></p>
<p><strong>&#8211; Silvana Prado por &#8220;A Difícil Arte de se Despedir&#8221;</strong></p>
<p>&nbsp;</p>
<p><strong>Melhor Ator Coadjuvante Curta-Metragem:</strong></p>
<p><strong>&#8211; Buda Lira por &#8220;Aracati&#8221;</strong></p>
<p>&nbsp;</p>
<p><strong>Melhor Roteiro Adaptado Longa-Metragem Ficção:</strong></p>
<p><strong>&#8211; Daniel Alvim e Helena Ranaldi por &#8220;O Cordel do Amor Sem Fim&#8221;</strong></p>
<p>&nbsp;</p>
<p><strong>Melhor Roteiro Longa-Metragem Documentário:</strong></p>
<p><strong>&#8211; Paola Mallmann por &#8220;Kunhã Karaí e as Narrativas da Terra&#8221;</strong></p>
<p>&nbsp;</p>
<p><strong>Melhor Roteiro Curta-Metragem:</strong></p>
<p><strong>&#8211; Bruna Velden por &#8220;Era uma Noite de São João&#8221;</strong></p>
<p>&nbsp;</p>
<p><strong>Melhor Roteiro Filme de Teresópolis:</strong></p>
<p><strong>&#8211; Sanderson Costa por &#8220;Sombras da Cidade&#8221;</strong></p>
<p>&nbsp;</p>
<p><strong>Melhor Fotografia Longa-Metragem Ficção:</strong></p>
<p><strong>&#8211; Renato Falcão por &#8220;Além de Nós&#8221;</strong></p>
<p>&nbsp;</p>
<p><strong>Melhor Fotografia Longa-Metragem Documentário:</strong></p>
<p><strong>&#8211; Márcio de Andrade por &#8220;Quando a Coisa Vira Outra&#8221;</strong></p>
<p>&nbsp;</p>
<p><strong>Melhor Fotografia Curta-Metragem:</strong></p>
<p><strong>&#8211; Helen Quintans por &#8220;A Lenda dos Cavaleiros da Água&#8221;</strong></p>
<p>&nbsp;</p>
<p><strong>Melhor Fotografia Filme de Teresópolis:</strong></p>
<p><strong>&#8211; Dyonathan Oliveira e Túlio Bambino por &#8220;Sombras da Cidade&#8221;</strong></p>
<p>&nbsp;</p>
<p><strong>Melhor Montagem Longa-Metragem Ficção:</strong></p>
<p><strong>&#8211; Leonardo Domingues e Rodrigo Daniel Melo por &#8220;O Faixa Preta – A Verdadeira História de Fernando Tererê&#8221;</strong></p>
<p>&nbsp;</p>
<p><strong>Melhor Montagem Longa-Metragem Documentário:</strong></p>
<p><strong>&#8211; Federico Bardini por &#8220;Lusófonas&#8221; de Carolina Paiva</strong></p>
<p>&nbsp;</p>
<p><strong>Melhor Montagem Curta-Metragem:</strong></p>
<p><strong>&#8211; Renata Lima e Federico Bardini por &#8220;Vonnie – O Ícone Esquecido da Moda Irlandesa&#8221;</strong></p>
<p>&nbsp;</p>
<p><strong>Melhor Montagem Filme de Teresópolis:</strong></p>
<p><strong>&#8211; Leo Bittencourt por &#8220;Saideira – Última Noite de Rubinho no Higino&#8221;</strong></p>
<p>&nbsp;</p>
<p><strong>Melhor Direção de Arte Longa-Metragem:</strong></p>
<p><strong>&#8211; Rose França por &#8220;Além de Nós&#8221;</strong></p>
<p>&nbsp;</p>
<p><strong>Melhor Direção de Arte Curta-Metragem:</strong></p>
<p><strong>&#8211; Helen Quintans por &#8220;A Lenda dos Cavaleiros da Água&#8221;</strong></p>
<p>&nbsp;</p>
<p><strong>Prêmio Especial do Júri Melhor Trilha Musical Longa-Metragem:</strong></p>
<p><strong>&#8211; Paola Mallmann com colaboração de Guilherme Cássio por &#8220;Kunhã Karaí e as Narrativas da Terra&#8221;</strong></p>
<p>&nbsp;</p>
<p><strong>Melhor Trilha Sonora Longa-Metragem:</strong></p>
<p><strong>&#8211; Leo Henkin por &#8220;Além de Nós&#8221;</strong></p>
<p>&nbsp;</p>
<p><strong>Melhor Trilha Sonora Curta-Metragem:</strong></p>
<p><strong>&#8211; CH Malves por &#8220;Era uma Noite de São João&#8221;</strong></p>
<p>&nbsp;</p>
<p style="text-align: center;"><span style="font-size: 8pt;"><strong>4ª MOSTRA HUMBERTO MAURO</strong></span></p>
<p style="text-align: center;"><img loading="lazy" decoding="async" class="alignnone size-large wp-image-548" src="http://www.dimaurofilmes.com/mostra_humberto_mauro/wp-content/uploads/2024/09/TODAS_AS_MARCAS-1024x263.png" alt="" width="1024" height="263" srcset="http://www.dimaurofilmes.com/mostra_humberto_mauro/wp-content/uploads/2024/09/TODAS_AS_MARCAS-1024x263.png 1024w, http://www.dimaurofilmes.com/mostra_humberto_mauro/wp-content/uploads/2024/09/TODAS_AS_MARCAS-300x77.png 300w, http://www.dimaurofilmes.com/mostra_humberto_mauro/wp-content/uploads/2024/09/TODAS_AS_MARCAS-768x197.png 768w, http://www.dimaurofilmes.com/mostra_humberto_mauro/wp-content/uploads/2024/09/TODAS_AS_MARCAS-1536x395.png 1536w, http://www.dimaurofilmes.com/mostra_humberto_mauro/wp-content/uploads/2024/09/TODAS_AS_MARCAS-2048x526.png 2048w" sizes="(max-width: 1024px) 100vw, 1024px" /></p>

<p>Vencedores da 4ª Mostra Humberto Mauro Troféu Cinelux – 2024 &nbsp; Melhor Longa-Metragem Ficção: &#8211; &#8220;Além de Nós&#8221; de Rogério Rodrigues &nbsp; Melhor Longa-Metragem Documentário: &#8211; &#8220;Kunhã Karaí e as Narrativas da Terra&#8221; de Paola Mallmann &nbsp; Melhor Curta-Metragem: &#8211; &#8220;Era Uma Noite de São João” de Bruna Velden &nbsp; Melhor Filme Teresópolis: &#8211; &#8220;A [&hellip;]</p>
